{"id":1231,"date":"2018-11-19T09:28:49","date_gmt":"2018-11-19T08:28:49","guid":{"rendered":"https:\/\/www.arcidiocesigaeta.it\/famiglia\/?page_id=1231"},"modified":"2018-11-19T09:28:49","modified_gmt":"2018-11-19T08:28:49","slug":"incontrialpozzo","status":"publish","type":"page","link":"https:\/\/www.arcidiocesigaeta.it\/famiglia\/incontrialpozzo\/","title":{"rendered":"Incontri al pozzo"},"content":{"rendered":"<blockquote><p><sup>3<\/sup> (Ges\u00f9) lasci\u00f2 la Giudea e si diresse di nuovo verso la Galilea. <sup>4<\/sup> Doveva perci\u00f2 attraversare la Samaria. <sup>5<\/sup> Giunse pertanto ad una citt\u00e0 della Samaria chiamata Sic\u00e0r, vicina al terreno che Giacobbe aveva dato a Giuseppe suo figlio: <sup>6<\/sup> qui c&#8217;era il pozzo di Giacobbe. Ges\u00f9 dunque, stanco del viaggio, sedeva presso il pozzo. Era verso mezzogiorno. <sup>7<\/sup> Arriv\u00f2 intanto una donna di Samaria ad attingere acqua. Le disse Ges\u00f9: \u00abDammi da bere\u00bb. <sup>8<\/sup> I suoi discepoli infatti erano andati in citt\u00e0 a far provvista di cibi. <sup>9<\/sup> Ma la Samaritana gli disse: \u00abCome mai tu, che sei Giudeo, chiedi da bere a me, che sono una donna samaritana?\u00bb. I Giudei infatti non mantengono buone relazioni con i Samaritani. <sup>10<\/sup> Ges\u00f9 le rispose: \u00abSe tu conoscessi il dono di Dio e chi \u00e8 colui che ti dice: &#8220;Dammi da bere!&#8221;, tu stessa gliene avresti chiesto ed egli ti avrebbe dato acqua viva\u00bb. <sup>11<\/sup> Gli disse la donna\u00abSignore, tu non hai un mezzo per attingere e il pozzo \u00e8 profondo; da dove hai dunque quest&#8217;acqua viva? <sup>12<\/sup> Sei tu forse pi\u00f9 grande del nostro padre Giacobbe, che ci diede questo pozzo e ne bevve lui con i suoi figli e il suo gregge?\u00bb. <sup>13<\/sup> Rispose Ges\u00f9: \u00abChiunque beve di quest&#8217;acqua avr\u00e0 di nuovo sete; <sup>14<\/sup> ma chi beve dell&#8217;acqua che io gli dar\u00f2, non avr\u00e0 mai pi\u00f9 sete, anzi, l&#8217;acqua che io gli dar\u00f2 diventer\u00e0 in lui sorgente di acqua che zampilla per la vita eterna\u00bb. <em>(Gv. 4, 3-14)<\/em><\/p><\/blockquote>\n<div><\/div>\n<div class=\"canvasWrapper\"><\/div>\n","protected":false},"excerpt":{"rendered":"<p>3 (Ges\u00f9) lasci\u00f2 la Giudea e si diresse di nuovo verso la Galilea. 4 Doveva perci\u00f2 attraversare la Samaria. 5 Giunse pertanto ad una citt\u00e0 della Samaria chiamata Sic\u00e0r, vicina al terreno che Giacobbe aveva dato a Giuseppe suo figlio: 6 qui c&#8217;era il pozzo di Giacobbe. Ges\u00f9 dunque, stanco del viaggio, sedeva presso il [&hellip;]<\/p>\n","protected":false},"author":1,"featured_media":0,"parent":0,"menu_order":0,"comment_status":"closed","ping_status":"closed","template":"","meta":{"footnotes":""},"class_list":["post-1231","page","type-page","status-publish","hentry"],"acf":[],"yoast_head":"<!-- This site is optimized with the Yoast SEO plugin v25.2 - https:\/\/yoast.com\/wordpress\/plugins\/seo\/ -->\n<title>Incontri al pozzo - Ufficio Diocesano di Pastorale Familiare<\/title>\n<meta name=\"robots\" content=\"index, follow, max-snippet:-1, max-image-preview:large, max-video-preview:-1\" \/>\n<link rel=\"canonical\" href=\"https:\/\/www.arcidiocesigaeta.it\/famiglia\/incontrialpozzo\/\" \/>\n<meta property=\"og:locale\" content=\"it_IT\" \/>\n<meta property=\"og:type\" content=\"article\" \/>\n<meta property=\"og:title\" content=\"Incontri al pozzo - Ufficio Diocesano di Pastorale Familiare\" \/>\n<meta property=\"og:description\" content=\"3 (Ges\u00f9) lasci\u00f2 la Giudea e si diresse di nuovo verso la Galilea. 4 Doveva perci\u00f2 attraversare la Samaria. 5 Giunse pertanto ad una citt\u00e0 della Samaria chiamata Sic\u00e0r, vicina al terreno che Giacobbe aveva dato a Giuseppe suo figlio: 6 qui c&#8217;era il pozzo di Giacobbe. Ges\u00f9 dunque, stanco del viaggio, sedeva presso il [&hellip;]\" \/>\n<meta property=\"og:url\" content=\"https:\/\/www.arcidiocesigaeta.it\/famiglia\/incontrialpozzo\/\" \/>\n<meta property=\"og:site_name\" content=\"Ufficio Diocesano di Pastorale Familiare\" \/>\n<meta name=\"twitter:card\" content=\"summary_large_image\" \/>\n<meta name=\"twitter:label1\" content=\"Tempo di lettura stimato\" \/>\n\t<meta name=\"twitter:data1\" content=\"1 minuto\" \/>\n<script type=\"application\/ld+json\" class=\"yoast-schema-graph\">{\"@context\":\"https:\/\/schema.org\",\"@graph\":[{\"@type\":\"WebPage\",\"@id\":\"https:\/\/www.arcidiocesigaeta.it\/famiglia\/incontrialpozzo\/\",\"url\":\"https:\/\/www.arcidiocesigaeta.it\/famiglia\/incontrialpozzo\/\",\"name\":\"Incontri al pozzo - Ufficio Diocesano di Pastorale Familiare\",\"isPartOf\":{\"@id\":\"https:\/\/www.arcidiocesigaeta.it\/famiglia\/#website\"},\"datePublished\":\"2018-11-19T08:28:49+00:00\",\"breadcrumb\":{\"@id\":\"https:\/\/www.arcidiocesigaeta.it\/famiglia\/incontrialpozzo\/#breadcrumb\"},\"inLanguage\":\"it-IT\",\"potentialAction\":[{\"@type\":\"ReadAction\",\"target\":[\"https:\/\/www.arcidiocesigaeta.it\/famiglia\/incontrialpozzo\/\"]}]},{\"@type\":\"BreadcrumbList\",\"@id\":\"https:\/\/www.arcidiocesigaeta.it\/famiglia\/incontrialpozzo\/#breadcrumb\",\"itemListElement\":[{\"@type\":\"ListItem\",\"position\":1,\"name\":\"Home\",\"item\":\"https:\/\/www.arcidiocesigaeta.it\/famiglia\/\"},{\"@type\":\"ListItem\",\"position\":2,\"name\":\"Incontri al pozzo\"}]},{\"@type\":\"WebSite\",\"@id\":\"https:\/\/www.arcidiocesigaeta.it\/famiglia\/#website\",\"url\":\"https:\/\/www.arcidiocesigaeta.it\/famiglia\/\",\"name\":\"Ufficio Diocesano di Pastorale Familiare\",\"description\":\"Arcidiocesi di Gaeta\",\"potentialAction\":[{\"@type\":\"SearchAction\",\"target\":{\"@type\":\"EntryPoint\",\"urlTemplate\":\"https:\/\/www.arcidiocesigaeta.it\/famiglia\/?s={search_term_string}\"},\"query-input\":{\"@type\":\"PropertyValueSpecification\",\"valueRequired\":true,\"valueName\":\"search_term_string\"}}],\"inLanguage\":\"it-IT\"}]}<\/script>\n<!-- \/ Yoast SEO plugin. -->","yoast_head_json":{"title":"Incontri al pozzo - Ufficio Diocesano di Pastorale Familiare","robots":{"index":"index","follow":"follow","max-snippet":"max-snippet:-1","max-image-preview":"max-image-preview:large","max-video-preview":"max-video-preview:-1"},"canonical":"https:\/\/www.arcidiocesigaeta.it\/famiglia\/incontrialpozzo\/","og_locale":"it_IT","og_type":"article","og_title":"Incontri al pozzo - Ufficio Diocesano di Pastorale Familiare","og_description":"3 (Ges\u00f9) lasci\u00f2 la Giudea e si diresse di nuovo verso la Galilea. 4 Doveva perci\u00f2 attraversare la Samaria. 5 Giunse pertanto ad una citt\u00e0 della Samaria chiamata Sic\u00e0r, vicina al terreno che Giacobbe aveva dato a Giuseppe suo figlio: 6 qui c&#8217;era il pozzo di Giacobbe. Ges\u00f9 dunque, stanco del viaggio, sedeva presso il [&hellip;]","og_url":"https:\/\/www.arcidiocesigaeta.it\/famiglia\/incontrialpozzo\/","og_site_name":"Ufficio Diocesano di Pastorale Familiare","twitter_card":"summary_large_image","twitter_misc":{"Tempo di lettura stimato":"1 minuto"},"schema":{"@context":"https:\/\/schema.org","@graph":[{"@type":"WebPage","@id":"https:\/\/www.arcidiocesigaeta.it\/famiglia\/incontrialpozzo\/","url":"https:\/\/www.arcidiocesigaeta.it\/famiglia\/incontrialpozzo\/","name":"Incontri al pozzo - Ufficio Diocesano di Pastorale Familiare","isPartOf":{"@id":"https:\/\/www.arcidiocesigaeta.it\/famiglia\/#website"},"datePublished":"2018-11-19T08:28:49+00:00","breadcrumb":{"@id":"https:\/\/www.arcidiocesigaeta.it\/famiglia\/incontrialpozzo\/#breadcrumb"},"inLanguage":"it-IT","potentialAction":[{"@type":"ReadAction","target":["https:\/\/www.arcidiocesigaeta.it\/famiglia\/incontrialpozzo\/"]}]},{"@type":"BreadcrumbList","@id":"https:\/\/www.arcidiocesigaeta.it\/famiglia\/incontrialpozzo\/#breadcrumb","itemListElement":[{"@type":"ListItem","position":1,"name":"Home","item":"https:\/\/www.arcidiocesigaeta.it\/famiglia\/"},{"@type":"ListItem","position":2,"name":"Incontri al pozzo"}]},{"@type":"WebSite","@id":"https:\/\/www.arcidiocesigaeta.it\/famiglia\/#website","url":"https:\/\/www.arcidiocesigaeta.it\/famiglia\/","name":"Ufficio Diocesano di Pastorale Familiare","description":"Arcidiocesi di Gaeta","potentialAction":[{"@type":"SearchAction","target":{"@type":"EntryPoint","urlTemplate":"https:\/\/www.arcidiocesigaeta.it\/famiglia\/?s={search_term_string}"},"query-input":{"@type":"PropertyValueSpecification","valueRequired":true,"valueName":"search_term_string"}}],"inLanguage":"it-IT"}]}},"_links":{"self":[{"href":"https:\/\/www.arcidiocesigaeta.it\/famiglia\/wp-json\/wp\/v2\/pages\/1231","targetHints":{"allow":["GET"]}}],"collection":[{"href":"https:\/\/www.arcidiocesigaeta.it\/famiglia\/wp-json\/wp\/v2\/pages"}],"about":[{"href":"https:\/\/www.arcidiocesigaeta.it\/famiglia\/wp-json\/wp\/v2\/types\/page"}],"author":[{"embeddable":true,"href":"https:\/\/www.arcidiocesigaeta.it\/famiglia\/wp-json\/wp\/v2\/users\/1"}],"replies":[{"embeddable":true,"href":"https:\/\/www.arcidiocesigaeta.it\/famiglia\/wp-json\/wp\/v2\/comments?post=1231"}],"version-history":[{"count":1,"href":"https:\/\/www.arcidiocesigaeta.it\/famiglia\/wp-json\/wp\/v2\/pages\/1231\/revisions"}],"predecessor-version":[{"id":1232,"href":"https:\/\/www.arcidiocesigaeta.it\/famiglia\/wp-json\/wp\/v2\/pages\/1231\/revisions\/1232"}],"wp:attachment":[{"href":"https:\/\/www.arcidiocesigaeta.it\/famiglia\/wp-json\/wp\/v2\/media?parent=1231"}],"curies":[{"name":"wp","href":"https:\/\/api.w.org\/{rel}","templated":true}]}}