{"id":237,"date":"2014-09-14T07:17:15","date_gmt":"2014-09-14T07:17:15","guid":{"rendered":"http:\/\/pastoralefamiliaregaeta.altervista.org\/?page_id=237"},"modified":"2016-11-02T09:01:08","modified_gmt":"2016-11-02T08:01:08","slug":"documenti-chiesa","status":"publish","type":"page","link":"https:\/\/www.arcidiocesigaeta.it\/famiglia\/documenti-chiesa\/","title":{"rendered":"Documenti Chiesa"},"content":{"rendered":"<hr \/>\n<h3>Lettera pastorale 2014<\/h3>\n<div class=\"cont\">\n<p>LA PACE DI CRISTO SIA CON VOI!<br \/>\nLettera pastorale\u00a0alla Chiesa di Dio che \u00e8 in Gaeta.<\/p>\n<\/div>\n<p>[wpdm_package id=&#8217;536&#8242;]<\/p>\n<hr \/>\n<h3>Orientamenti pastorali sul matrimonio e la famiglia<\/h3>\n<div class=\"cont\">\n<p>Un\u00a0\u00a0testo che, credendo alla possibilit\u00e0 di educare e\u00a0crescere nell\u2019amore, definisce linee rinnovate per i percorsi verso il matrimonio,\u00a0chiarisce punti delicati, riconferma il valore del fidanzamento come tempo necessario e\u00a0privilegiato per conoscersi tra innamorati, per compiere passi importanti e per\u00a0accogliersi come dono reciproco, se questo \u00e8 nel pensiero di Dio.<\/p>\n<\/div>\n<p>[wpdm_package id=&#8217;540&#8242;]<\/p>\n<hr \/>\n<h3>Direttorio di pastorale familiare<\/h3>\n<div class=\"cont\">\n<p>Il Direttorio \u00e8 strumento di profonda comunione pastorale tra\u00a0tutte le nostre Chiese. Nasce, infatti, dall&#8217;identica missione, che tutti ci accomuna,\u00a0di annunciare, celebrare e servire il \u201cVangelo del matrimonio e della famiglia\u201d; fa\u00a0tesoro di quanto nelle nostre diverse Chiese locali \u00e8 stato oggetto di riflessione e\u00a0di prassi pastorale negli scorsi decenni; \u00e8 invito e sprone per un cammino ancora<br \/>\npi\u00f9 unitario da vivere insieme per aiutare ogni famiglia a scoprire e a vivere la\u00a0propria identit\u00e0 e la propria missione nella Chiesa e nel mondo.<\/p>\n<\/div>\n<p>[wpdm_package id=&#8217;541&#8242;]<\/p>\n<hr \/>\n<h3>Familiaris consortio<\/h3>\n<div class=\"cont\">\n<p>La famiglia nei tempi odierni \u00e8 stata, come e forse pi\u00f9 di altre istituzioni,\u00a0investita dalle ampie, profonde e rapide trasformazioni della societ\u00e0 e della\u00a0cultura. Molte famiglie vivono questa situazione nella fedelt\u00e0 a quei valori che\u00a0costituiscono il fondamento dell&#8217;istituto familiare. Altre sono divenute incerte e\u00a0smarrite di fronte ai loro compiti o, addirittura, dubbiose e quasi ignare del\u00a0significato ultimo e della verit\u00e0 della vita coniugale e familiare. Altre, infine,\u00a0sono impedite da svariate situazioni di ingiustizia nella realizzazione dei loro\u00a0fondamentali diritti.<\/p>\n<p>Consapevole che il matrimonio e la famiglia costituiscono uno dei beni pi\u00f9\u00a0preziosi dell&#8217;umanit\u00e0, la Chiesa vuole far giungere la sua voce ed offrire il suo\u00a0aiuto a chi, gi\u00e0 conoscendo il valore del matrimonio e della famiglia, cerca di\u00a0viverlo fedelmente a chi, incerto ed ansioso, \u00e8 alla ricerca della verit\u00e0 ed a chi \u00e8 \u00a0ingiustamente impedito di vivere liberamente il proprio progetto familiare.<br \/>\nSostenendo i primi, illuminando i secondi ed aiutando gli altri, la Chiesa offre il\u00a0suo servizio ad ogni uomo pensoso dei destini del matrimonio e della famiglia (\u00abGaudium et Spes\u00bb, 52).<\/p>\n<\/div>\n<p>[wpdm_package id=&#8217;539&#8242;]<\/p>\n<hr \/>\n<p>&nbsp;<\/p>\n","protected":false},"excerpt":{"rendered":"<p>Lettera pastorale 2014 LA PACE DI CRISTO SIA CON VOI! Lettera pastorale\u00a0alla Chiesa di Dio che \u00e8 in Gaeta. [wpdm_package id=&#8217;536&#8242;] Orientamenti pastorali sul matrimonio e la famiglia Un\u00a0\u00a0testo che, credendo alla possibilit\u00e0 di educare e\u00a0crescere nell\u2019amore, definisce linee rinnovate per i percorsi verso il matrimonio,\u00a0chiarisce punti delicati, riconferma il valore del fidanzamento come tempo [&hellip;]<\/p>\n","protected":false},"author":1,"featured_media":0,"parent":0,"menu_order":0,"comment_status":"closed","ping_status":"closed","template":"templates\/template-onecolumn.php","meta":{"footnotes":""},"class_list":["post-237","page","type-page","status-publish","hentry"],"acf":[],"yoast_head":"<!-- This site is optimized with the Yoast SEO plugin v25.2 - https:\/\/yoast.com\/wordpress\/plugins\/seo\/ -->\n<title>Documenti Chiesa - Ufficio Diocesano di Pastorale Familiare<\/title>\n<meta name=\"robots\" content=\"index, follow, max-snippet:-1, max-image-preview:large, max-video-preview:-1\" \/>\n<link rel=\"canonical\" href=\"https:\/\/www.arcidiocesigaeta.it\/famiglia\/documenti-chiesa\/\" \/>\n<meta property=\"og:locale\" content=\"it_IT\" \/>\n<meta property=\"og:type\" content=\"article\" \/>\n<meta property=\"og:title\" content=\"Documenti Chiesa - Ufficio Diocesano di Pastorale Familiare\" \/>\n<meta property=\"og:description\" content=\"Lettera pastorale 2014 LA PACE DI CRISTO SIA CON VOI! Lettera pastorale\u00a0alla Chiesa di Dio che \u00e8 in Gaeta. [wpdm_package id=&#8217;536&#8242;] Orientamenti pastorali sul matrimonio e la famiglia Un\u00a0\u00a0testo che, credendo alla possibilit\u00e0 di educare e\u00a0crescere nell\u2019amore, definisce linee rinnovate per i percorsi verso il matrimonio,\u00a0chiarisce punti delicati, riconferma il valore del fidanzamento come tempo [&hellip;]\" \/>\n<meta property=\"og:url\" content=\"https:\/\/www.arcidiocesigaeta.it\/famiglia\/documenti-chiesa\/\" \/>\n<meta property=\"og:site_name\" content=\"Ufficio Diocesano di Pastorale Familiare\" \/>\n<meta property=\"article:modified_time\" content=\"2016-11-02T08:01:08+00:00\" \/>\n<meta name=\"twitter:card\" content=\"summary_large_image\" \/>\n<meta name=\"twitter:label1\" content=\"Tempo di lettura stimato\" \/>\n\t<meta name=\"twitter:data1\" content=\"2 minuti\" \/>\n<script type=\"application\/ld+json\" class=\"yoast-schema-graph\">{\"@context\":\"https:\/\/schema.org\",\"@graph\":[{\"@type\":\"WebPage\",\"@id\":\"https:\/\/www.arcidiocesigaeta.it\/famiglia\/documenti-chiesa\/\",\"url\":\"https:\/\/www.arcidiocesigaeta.it\/famiglia\/documenti-chiesa\/\",\"name\":\"Documenti Chiesa - Ufficio Diocesano di Pastorale Familiare\",\"isPartOf\":{\"@id\":\"https:\/\/www.arcidiocesigaeta.it\/famiglia\/#website\"},\"datePublished\":\"2014-09-14T07:17:15+00:00\",\"dateModified\":\"2016-11-02T08:01:08+00:00\",\"breadcrumb\":{\"@id\":\"https:\/\/www.arcidiocesigaeta.it\/famiglia\/documenti-chiesa\/#breadcrumb\"},\"inLanguage\":\"it-IT\",\"potentialAction\":[{\"@type\":\"ReadAction\",\"target\":[\"https:\/\/www.arcidiocesigaeta.it\/famiglia\/documenti-chiesa\/\"]}]},{\"@type\":\"BreadcrumbList\",\"@id\":\"https:\/\/www.arcidiocesigaeta.it\/famiglia\/documenti-chiesa\/#breadcrumb\",\"itemListElement\":[{\"@type\":\"ListItem\",\"position\":1,\"name\":\"Home\",\"item\":\"https:\/\/www.arcidiocesigaeta.it\/famiglia\/\"},{\"@type\":\"ListItem\",\"position\":2,\"name\":\"Documenti Chiesa\"}]},{\"@type\":\"WebSite\",\"@id\":\"https:\/\/www.arcidiocesigaeta.it\/famiglia\/#website\",\"url\":\"https:\/\/www.arcidiocesigaeta.it\/famiglia\/\",\"name\":\"Ufficio Diocesano di Pastorale Familiare\",\"description\":\"Arcidiocesi di Gaeta\",\"potentialAction\":[{\"@type\":\"SearchAction\",\"target\":{\"@type\":\"EntryPoint\",\"urlTemplate\":\"https:\/\/www.arcidiocesigaeta.it\/famiglia\/?s={search_term_string}\"},\"query-input\":{\"@type\":\"PropertyValueSpecification\",\"valueRequired\":true,\"valueName\":\"search_term_string\"}}],\"inLanguage\":\"it-IT\"}]}<\/script>\n<!-- \/ Yoast SEO plugin. -->","yoast_head_json":{"title":"Documenti Chiesa - Ufficio Diocesano di Pastorale Familiare","robots":{"index":"index","follow":"follow","max-snippet":"max-snippet:-1","max-image-preview":"max-image-preview:large","max-video-preview":"max-video-preview:-1"},"canonical":"https:\/\/www.arcidiocesigaeta.it\/famiglia\/documenti-chiesa\/","og_locale":"it_IT","og_type":"article","og_title":"Documenti Chiesa - Ufficio Diocesano di Pastorale Familiare","og_description":"Lettera pastorale 2014 LA PACE DI CRISTO SIA CON VOI! Lettera pastorale\u00a0alla Chiesa di Dio che \u00e8 in Gaeta. [wpdm_package id=&#8217;536&#8242;] Orientamenti pastorali sul matrimonio e la famiglia Un\u00a0\u00a0testo che, credendo alla possibilit\u00e0 di educare e\u00a0crescere nell\u2019amore, definisce linee rinnovate per i percorsi verso il matrimonio,\u00a0chiarisce punti delicati, riconferma il valore del fidanzamento come tempo [&hellip;]","og_url":"https:\/\/www.arcidiocesigaeta.it\/famiglia\/documenti-chiesa\/","og_site_name":"Ufficio Diocesano di Pastorale Familiare","article_modified_time":"2016-11-02T08:01:08+00:00","twitter_card":"summary_large_image","twitter_misc":{"Tempo di lettura stimato":"2 minuti"},"schema":{"@context":"https:\/\/schema.org","@graph":[{"@type":"WebPage","@id":"https:\/\/www.arcidiocesigaeta.it\/famiglia\/documenti-chiesa\/","url":"https:\/\/www.arcidiocesigaeta.it\/famiglia\/documenti-chiesa\/","name":"Documenti Chiesa - Ufficio Diocesano di Pastorale Familiare","isPartOf":{"@id":"https:\/\/www.arcidiocesigaeta.it\/famiglia\/#website"},"datePublished":"2014-09-14T07:17:15+00:00","dateModified":"2016-11-02T08:01:08+00:00","breadcrumb":{"@id":"https:\/\/www.arcidiocesigaeta.it\/famiglia\/documenti-chiesa\/#breadcrumb"},"inLanguage":"it-IT","potentialAction":[{"@type":"ReadAction","target":["https:\/\/www.arcidiocesigaeta.it\/famiglia\/documenti-chiesa\/"]}]},{"@type":"BreadcrumbList","@id":"https:\/\/www.arcidiocesigaeta.it\/famiglia\/documenti-chiesa\/#breadcrumb","itemListElement":[{"@type":"ListItem","position":1,"name":"Home","item":"https:\/\/www.arcidiocesigaeta.it\/famiglia\/"},{"@type":"ListItem","position":2,"name":"Documenti Chiesa"}]},{"@type":"WebSite","@id":"https:\/\/www.arcidiocesigaeta.it\/famiglia\/#website","url":"https:\/\/www.arcidiocesigaeta.it\/famiglia\/","name":"Ufficio Diocesano di Pastorale Familiare","description":"Arcidiocesi di Gaeta","potentialAction":[{"@type":"SearchAction","target":{"@type":"EntryPoint","urlTemplate":"https:\/\/www.arcidiocesigaeta.it\/famiglia\/?s={search_term_string}"},"query-input":{"@type":"PropertyValueSpecification","valueRequired":true,"valueName":"search_term_string"}}],"inLanguage":"it-IT"}]}},"_links":{"self":[{"href":"https:\/\/www.arcidiocesigaeta.it\/famiglia\/wp-json\/wp\/v2\/pages\/237","targetHints":{"allow":["GET"]}}],"collection":[{"href":"https:\/\/www.arcidiocesigaeta.it\/famiglia\/wp-json\/wp\/v2\/pages"}],"about":[{"href":"https:\/\/www.arcidiocesigaeta.it\/famiglia\/wp-json\/wp\/v2\/types\/page"}],"author":[{"embeddable":true,"href":"https:\/\/www.arcidiocesigaeta.it\/famiglia\/wp-json\/wp\/v2\/users\/1"}],"replies":[{"embeddable":true,"href":"https:\/\/www.arcidiocesigaeta.it\/famiglia\/wp-json\/wp\/v2\/comments?post=237"}],"version-history":[{"count":6,"href":"https:\/\/www.arcidiocesigaeta.it\/famiglia\/wp-json\/wp\/v2\/pages\/237\/revisions"}],"predecessor-version":[{"id":632,"href":"https:\/\/www.arcidiocesigaeta.it\/famiglia\/wp-json\/wp\/v2\/pages\/237\/revisions\/632"}],"wp:attachment":[{"href":"https:\/\/www.arcidiocesigaeta.it\/famiglia\/wp-json\/wp\/v2\/media?parent=237"}],"curies":[{"name":"wp","href":"https:\/\/api.w.org\/{rel}","templated":true}]}}